. Let q(k) = -101*k + 2. Calculate the remainder when q(-4) is divided by t.
66
Let r = 419 + -382. What is the remainder when 64 is divided by r?
27
Let m(u) = -u**2 - 6*u + 1. Suppose -15*j + 14*j = 45. Let y = j - -47. What is the remainder when m(-5) is divided by y?
0
Let u be 26/(-7) + (-20)/70. Let d be (-2)/((-32)/36)*u. Let f = 0 - d. What is the remainder when f is divided by 5?
4
Let k = 129 - 102. Suppose 3*j - 4 = 5. Let g = j + 49. What is the remainder when g is divided by k?
25
Suppose 0 = 79*f - 2821 - 1208. Calculate the remainder when 1014 is divided by f.
45
Suppose -x - 174 = -n + 3*x, -x = -n + 171. Suppose -6*q + 11*q - n = 0. Calculate the remainder when 99 is divided by q.
31
Suppose 0 = 4*p + 2*s - 263 + 97, 4*s = -2*p + 92. Let k(n) = 2*n**3 - 5*n**2 - 3*n + 7. Calculate the remainder when k(5) is divided by p.
37
Suppose -4*a = -2*g - 49 - 63, -3*g + 28 = a. What is the remainder when a is divided by 10?
8
Calculate the remainder when ((-164)/(-123))/(((-5)/(-84))/5) is divided by 59.
53
Suppose 0 = m + 4, g + 45 = 4*g - 3*m. Suppose 7*c + 60 = g*c. Calculate the remainder when c is divided by 9.
6
Suppose 8*g = 20 + 52. Calculate the remainder when 24 is divided by g.
6
What is the remainder when 201 is divided by (-640)/(-15) - 104/39?
1
Let c(g) = g**3 + 11*g**2 - 39*g - 416. Let r(h) = 2*h. Let l be r(-3). What is the remainder when c(-11) is divided by -6*(1 - (-10)/l)?
1
Let d = 16 - 6. Suppose -6*p = -12*p + 492. Suppose 0 = 2*f + 5*u - d - 52, -3*f = 2*u - p. What is the remainder when 49 is divided by f?
23
Let g(a) = 2*a - 10. Let d be g(6). Suppose -d*v = -3*t + 2*t - 29, -2*t = -6. What is the remainder when 46 is divided by v?
14
Let v(j) = j**2 + 2. Calculate the remainder when v(3) is divided by 5 + (9 + -6 - 5).
2
Suppose 2*s = 2*c - 60, -c - 4*s + 10 = -0*c. Let y = 211 - 201. What is the remainder when c is divided by y?
6
Let o = 153 + 51. What is the remainder when o is divided by 43?
32
Let o be 36 + (1 - -1 - -2). Let i = o - -72. Calculate the remainder when i is divided by 38.
36
Suppose 4*y - 103 = l, -12*y - 4*l + 82 = -9*y. Calculate the remainder when 108 is divided by y.
4
Let o = -412 + 294. Calculate the remainder when 3 + o/(-4) + 2/4 is divided by 18.
15
Let v(s) = -11*s**2 - s + 77. Calculate the remainder when v(0) is divided by 17.
9
Suppose -5*m + 759 = -n, -7*n - 608 = -4*m - 6*n. Calculate the remainder when m is divided by 39.
34
Let s = -152 - -236. Let h(g) = 1 + 4*g - 2 + 7*g**2 + g**3 - 2. Calculate the remainder when s is divided by h(-4).
26
What is the remainder when 1330/19 - (1 - (1 + -1)) is divided by 59?
10
Suppose -4 = -57*z + 224. What is the remainder when (-9 + -1)*(-6)/4 is divided by z?
3
Let d be (-4 - -6) + (-2 - (0 + 2)). What is the remainder when d*7/((-28)/222) is divided by 38?
35
Let f = 141 - 135. What is the remainder when 10 is divided by f?
4
Let i(q) = -70*q + 64. What is the remainder when i(-7) is divided by 70?
64
Let t(h) = -h**2 - 8*h - 7. Suppose -3*g + 13 = -w - 7, -4*g = -2*w - 48. Let d = -25 - w. What is the remainder when d is divided by t(-6)?
2
Let j be 29/(-1)*(-2 - -1). Let b(k) = k**3 + 3*k**2 - k - 3. Let t be b(-2). Suppose 46 = t*u - j. Calculate the remainder when u is divided by 13.
12
Suppose -4*p - 3*n + 136 = -13, 32 = p - n. What is the remainder when 312 is divided by p?
32
Suppose 8*a - 6 = 5*a. Suppose -3*p = -14 + a. Suppose 0 = -3*o + 5*z + 233, p*o - 3*z - 333 = -37. Calculate the remainder when o is divided by 18.
17
Calculate the remainder when 106 is divided by (9/(-5))/(17/(-255)).
25
Let l(t) = t - 10. Let a be l(-7). Let q(y) = 12*y**2 + y - 2. Calculate the remainder when q(2) is divided by (0 + a)/(-9 + 8).
14
Calculate the remainder when (738/(-205))/((-3)/10) is divided by 2.
0
Let p(m) = -m**3 - 6*m**2 - 3*m + 11. Let a be p(-6). Let n be 2 + 0 + 2 + -4. Suppose n*u + u - a = 0. What is the remainder when u is divided by 8?
5
Suppose r - 4 = -2*t, 0 = 2*r - 0 + 8. Let a be t/(-16) - (-262)/(-8). Calculate the remainder when (-1)/(0 - (-1)/a) is divided by 9.
6
Let b = -96 + 198. What is the remainder when b is divided by 7?
4
Let h be 796/7 + 52/182. Suppose 3*f - 4*n = 202, -h = -2*f + 4*n + 26. Calculate the remainder when f is divided by 32.
30
Suppose -j = 29 - 43. Calculate the remainder when 40 is divided by j.
12
Let n(a) = a**3 + 4*a**2 - 5*a + 9. Let v be n(-5). Let h = 6 + v. What is the remainder when (6/4 + -2)*-54 is divided by h?
12
Let p be -5*28*-1 - 4*-1. Suppose -9*y = -3*y - p. Let t = 27 + 43. What is the remainder when t is divided by y?
22
Let k(r) = -r**3 - 7*r**2 - 3*r - 5. Let b be 4 - ((-3)/(-3) + 10). Calculate the remainder when k(b) is divided by 5.
1
Let q = 207 + -107. Suppose -3*f + t + 75 = 2*t, 0 = -4*f - 5*t + q. Calculate the remainder when f is divided by 9.
7
Suppose -d + 2*d + 94 = 0. Let n = 154 + d. Calculate the remainder when n is divided by 21.
18
Suppose -2021 = -30*v + 1099. What is the remainder when v is divided by 48?
8
Let g(w) = -w + 1. Let p(m) = m - 7. Let l(h) = 6*g(h) + p(h). Let j = 194 + -174. What is the remainder when l(-8) is divided by j?
19
What is the remainder when 43 is divided by 4/10 + (-162)/30 - -44?
4
Suppose 0 = -2*y - 359 + 739. What is the remainder when y is divided by 22?
14
Suppose 0*d - 5*d - 5*w = -90, 0 = 5*w - 20. Calculate the remainder when 263 is divided by d.
11
Let g = -49 - -53. Suppose -g*r = -21 - 75. What is the remainder when 46 is divided by r?
22
Suppose 19 = 4*l + 4*v - 1, -l - 5*v + 25 = 0. Suppose l = -2*w + 4, 0 = -m - 3*m - 2*w + 184. What is the remainder when m is divided by 24?
21
Let m = 41 - 34. What is the remainder when 7 is divided by m?
0
Let r(t) = -69*t + 1. Suppose -v = 3*b + 2, 3*b = 5*v - v - 7. Let a = 17 - b. What is the remainder when r(-1) is divided by a?
16
Suppose 4*b - 102 = 5*o, 5*b - 3*o - o = 123. Let v(j) = 2*j**2 - 50*j - 40. What is the remainder when b is divided by v(26)?
11
Let f = -2 - -7. Suppose f*y - 6 = 2*y. Suppose y*a - 38 = -4*t, -5*t - a + 8 = -35. What is the remainder when 21 is divided by t?
5
Let n = 338 + -313. What is the remainder when 47 is divided by n?
22
Suppose 0 = 4*p - 8, -5*w + 4*p = -0*p - 197. Suppose -r = -1 - w. What is the remainder when r is divided by (-4 - (-87)/6) + 4/(-24)*-3?
9
Let z = 0 + 3. Suppose 0 = -z*k + 3, 62 = 4*b - b + 2*k. Let m = 35 - b. What is the remainder when m is divided by 8?
7
Let j be ((-8)/18)/(6/(-27)). Suppose 2*k - 8 = -j*k - 3*x, 3*x = -5*k + 7. Calculate the remainder when (-1)/(0 + k) + 6 is divided by 4.
3
Suppose 5362 = 51*h - 197. What is the remainder when h is divided by 24?
13
Calculate the remainder when 83 is divided by ((-65)/(-10))/((-2)/(1 - 5)).
5
Suppose -2*r - 21 = -41. What is the remainder when 69 is divided by r?
9
Let p be (4/(-12))/(2/(-12)). Suppose p*x = x. Suppose 2*i + x*i = 8. What is the remainder when 6 is divided by i?
2
Suppose 0 = -4*g - 1 + 13, -2*g + 6 = -4*r. Let s(a) = 2*a + 3. Let k be s(r). What is the remainder when (30/25)/(k/50) is divided by 7?
6
Suppose 2*u + 17*w - 14*w = 88, 2*u + 5*w = 80. Calculate the remainder when 447 is divided by u.
47
Suppose 2*b = -5 + 219. Let i = -64 + b. What is the remainder when i is divided by 11?
10
Let g be -3 + (-2 + 6 - -9). Suppose 4*m - g*m = -42. What is the remainder when 27 is divided by m?
6
Let t(r) = r**3 - 19*r**2 - 65*r + 31. Let m(l) = 6*l - 4. What is the remainder when t(22) is divided by m(3)?
11
What is the remainder when ((-9)/(-3))/(-12) - 7608/(-96) is divided by 44?
35
Let y(v) = 13*v + 1. Let i be y(3). Suppose 2*h = 2*w - 0*w - i, 5*h + 15 = 0. What is the remainder when w is divided by 0 + (-1 - -1) - -10?
7
Let m be (-4)/22 + (-136)/(-22). Calculate the remainder when 104 is divided by (3/(m/(-4)))/((-12)/162).
23
Suppose -3*t - g + 5*g + 87 = 0, -3*t - 3*g = -87. Let w be -15 + t - (-4 - 0). Let h = w - 5. Calculate the remainder when h is divided by 7.
6
Suppose 13*j - 456 - 1429 = 0. Calculate the remainder when j is divided by 73.
72
Let c = 1324 - 1219. Calculate the remainder when c is divided by 55.
50
Let p(f) = -f**3 + 15*f**2 + 2. Let t be p(15). Let i(v) = -v**t + 71*v**3 - v + 3*v - 2*v + 1. Calculate 